s the hundreds digit of 9 + (3 - (-71358)/9) + (-1)/(-3)?
9
Let s = 4674 - -8225. What is the thousands digit of s?
2
Let c = 2150 + -981. Suppose 9*r = -442 - c. Let w = r + 367. What is the tens digit of w?
8
Let j(q) = q**3 - 16*q**2 - 15*q - 32. Let a be j(17). Suppose 3 - 11 = a*t, 0 = -4*c - t + 256. What is the tens digit of c?
6
Suppose 44*z + 128075 - 343191 = 0. What is the units digit of z?
9
Let f = -27 + 19. Let q be 3/((-6)/44) - 24/f. Let l = q - -43. What is the units digit of l?
4
Suppose -5*c = 2*i - 29809 - 4043, 2*i - 13*c = 33816. What is the hundreds digit of i?
9
Let h(n) = -544*n + 2764. What is the tens digit of h(-8)?
1
Let r(z) = z**3 - 3*z**2 + z. Suppose 17*i + 12 = 21*i. Let y be r(i). Suppose y*l - 25 = 38. What is the units digit of l?
1
Let b(l) = 637*l**3 + 5*l + 1. Let s(g) = -3183*g**3 - 2*g**2 - 26*g - 5. Let o(c) = 11*b(c) + 2*s(c). What is the units digit of o(1)?
1
What is the hundreds digit of -3 - (12 - (-1411292)/(-28)) - (-4)/(-14)?
3
Suppose 93*y + 24355 = 98*y + 2*q, q + 9742 = 2*y. What is the hundreds digit of y?
8
Suppose 60 = 4*m - 4*d, -4*d = -5*d + 3. Let h(c) = -c - 1. Let w be h(-6). Suppose m = w*r + 13. What is the units digit of r?
1
Let p = -92791 + 181021. What is the thousands digit of p?
8
Suppose -23 = 4*i - 31. Suppose -i*f = -2*d - 0*d + 346, 0 = 3*d + f - 523. What is the units digit of d?
4
Let n be 10/(-4)*80/(-25)*1. Suppose 3*q - 3*j - 51 = 0, -3*q - j = -q - 19. Suppose n*v = q*v - 332. What is the units digit of v?
3
Let q = -35 - -55. Suppose -q*z = -6*z + 84. What is the units digit of (1 + (-718)/z)/((-4)/(-6))?
1
Let h = -6712 - -14017. What is the tens digit of h?
0
Let q(j) = -582*j - 2591. What is the thousands digit of q(-36)?
8
Suppose 23*r - 1522737 + 227201 = 7*r. What is the units digit of r?
1
Let u = -129 - 8. Let y = u + 200. What is the units digit of y?
3
What is the hundreds digit of (-9)/((-828)/(-8)) + 35679/69?
5
Let d(r) = -293*r + 1952. What is the units digit of d(-28)?
6
Let j(x) = -34*x. Let b be j(5). Let p = b + 64. Let h = p - -185. What is the tens digit of h?
7
Suppose 1409*u - 16 = 1405*u. Suppose -5*v + 3339 = u*z, 2*z - 411 = -3*v + 1594. What is the hundreds digit of v?
6
Let p = 218 + -17. Suppose 0 = -12*a + 111 + p. What is the units digit of 148 + (-12)/(-36) + a/(-6)?
4
Let x = 12277 - 7137. What is the units digit of x?
0
Let o(r) = 13*r**3 - 10*r**2 - 33*r - 42. Let c(d) = 15*d**3 - 9*d**2 - 35*d - 41. Let z(j) = 6*c(j) - 7*o(j). What is the tens digit of z(17)?
1
Suppose 13*k + 77 = -1. What is the hundreds digit of k + 3*910/21?
1
Suppose -22154 = -163*m + 144*m. Let a = 2562 - m. What is the thousands digit of a?
1
Let z(r) = -8*r**3 - 2*r**2 + 4*r + 3. Let y be z(-1). Suppose 5*c - 3*l = l + 6059, 20 = y*l. What is the units digit of c?
5
Suppose -n + 27*l - 3882 = 25*l, -5*n - 19388 = l. What is the tens digit of (n/21 - -2)*-3?
4
Let r(y) = -y**2 + 8*y + 4. Let c be r(-7). Let b = c + 110. Suppose -3*n = -b*n + 1068. What is the tens digit of n?
7
Let q = -236 + 241. Let k(n) = 2*n**3 + 7*n**2 - 15*n. What is the hundreds digit of k(q)?
3
Let s(h) = -8*h + 2. Let g be s(-1). Suppose -g*x + 7*x = -15. Suppose -z - 139 = -j - 3*j, 0 = -x*j + 5*z + 170. What is the tens digit of j?
3
Suppose 0 = -48*i + 61*i - 4017. Suppose -3*p = -4*h - i, 3*h + 86 = p - 17. What is the tens digit of p?
0
Suppose 4*y - 37201 = a, 0 = -5*y - a + 50415 - 3916. What is the tens digit of y?
0
Let h be 354 - ((9 - 5) + -7). Suppose -1497 = -5*o - h. What is the units digit of o?
8
Suppose -31*n + 21778 = -1092145. What is the hundreds digit of n?
9
Let s = 4977 + 5275. What is the ten thousands digit of s?
1
Let y be 0*((-15)/(-20))/(-3) - -389. Let d = y + -4. What is the hundreds digit of d?
3
Let u(z) = 2*z**3 + 21*z**2 + 8*z - 23. Let h be u(13). Suppose 22584 = 32*w + h. What is the units digit of w?
5
Let k be -4 - 7/(7/(-6)). What is the hundreds digit of k*21/(-28) + 1765/2?
8
Let g = -41602 + 47990. What is the thousands digit of g?
6
What is the tens digit of 5236987/786 + (-1)/(-6)?
6
Suppose -3*o - 2*t + 1717 = 0, -o + 8*t + 554 = 5*t. What is the units digit of o?
9
Let t = -8009 + 34075. What is the ten thousands digit of t?
2
Let c(a) = 3*a**3 + 3*a**2 + 2*a - 6. Suppose 2*t - 5*w + 7*w = 68, -34 = -t + 3*w. Let f be (-2)/(-17) - (72/t - 5). What is the tens digit of c(f)?
0
Suppose 4033 = -16*z + 143569. Suppose -2554 = -25*c + z. What is the units digit of c?
1
Let c(m) = 6*m - 5. Let j be c(1). Suppose -h - j + 11 = 0. Suppose -4*b - 220 = -2*d, 0 = -3*b + h + 5. What is the units digit of d?
0
What is the thousands digit of ((-45381)/6)/(249/(-498))?
5
What is the hundreds digit of (88/22 - 44/10) + 151611/15?
1
Let g(j) = 7*j**2 - 7*j + 14. Let w be g(-8). Suppose s - w = -2*y, -s + 835 = 5*y - 463. What is the tens digit of y?
6
Let h(u) = u**2 + 12*u + 12. Let q(r) = -r**3 + 2*r**2 + 7*r - 9. Suppose -9 = -5*w + 11. Let m be q(w). What is the units digit of h(m)?
5
Let x(d) = 10*d**2 + 33*d - 187. What is the tens digit of x(14)?
3
Suppose 324883 = 17*k - 39240. What is the tens digit of k?
1
Let i be (-14)/10 - 36/(-90). Let j be 6/4*(-7 - -9)*2313. What is the units digit of i/(-10)*-2 + j/45?
4
Let p(i) = -i**2 - i + 22. Let v be p(14). Let u = -85 - v. What is the units digit of u?
3
What is the thousands digit of 240/560 + ((-125098)/(-14) - -2)?
8
Suppose -12*u + 17 = -31. Suppose 1935 = 5*b + u*i, -5*b = -0*b - 5*i - 1935. What is the tens digit of b?
8
Suppose -8 = -y - 4*i, 3*i = -i. Let x(c) = c**3 - 8*c - 8. What is the units digit of x(y)?
0
Let w(v) = v**3 + 10*v**2 - 21*v + 33. Let m = 8 + -18. What is the tens digit of w(m)?
4
Suppose -n = -24*n + 2*n + 116592. What is the hundreds digit of n?
5
Let g = 730 + -514. Suppose 1749 = -21*v + 1917. Suppose 0 = -v*n + g + 608. What is the units digit of n?
3
Let w(b) = 801*b**3 - 6*b**2 + 3*b - 4. What is the thousands digit of w(2)?
6
Let n(p) = -p**2 + 3*p + 4. Let w be n(5). Let l be (w - (-18)/6)*(1 - 0). What is the tens digit of 1 - (l + 2) - -57?
5
Suppose 18*l - 4*l + 784 = 0. Let y = -46 + 32. What is the tens digit of ((-8)/l - (-30)/y) + 222?
2
Let l(b) be the first derivative of -13*b**3/6 - 15*b**2/2 + 11*b + 14. Let x(m) be the first derivative of l(m). What is the units digit of x(-7)?
6
Let l(p) = p**3 + p**2 + p. Let z(r) = 5*r**3 + 22*r**2 - 17*r - 23. Let d = 11 - 15. Let u(y) = d*l(y) + z(y). What is the units digit of u(-19)?
5
Let b(o) = 3*o - 20. Let k be b(8). Suppose -48 = k*x - 7*x. Suppose -x*g = -9*g - 357. What is the units digit of g?
1
Suppose -2 = -3*c + 10, 0 = 5*d + 2*c + 67. Let r be d/30 + 14/4. Let x(s) = 6*s**3 - 2*s**2 - 5*s + 4. What is the units digit of x(r)?
3
Let w = 348 - -929. Let l = -839 + w. Suppose 4*c = -c + 2*q + 550, 2*q = 4*c - l. What is the tens digit of c?
1
What is the units digit of ((-2775)/780 - 20/(-65))*-14048?
6
Let p be (-1925)/45 + 11/(-9) + 1. Let a = 54 + p. Suppose a*q - 777 = 4*q. What is the tens digit of q?
1
Suppose 7*l = 4*l + 2*k + 8487, -5*l + 2*k + 14145 = 0. What is the thousands digit of l?
2
Suppose 16*r + 100 = 15*r. Let i = r + 155. What is the tens digit of i?
5
Let z = 10868 - 6887. What is the tens digit of z?
8
What is the thousands digit of 13*10*(-4)/(-260) - -17419?
7
Let x(m) = 8*m - 21. Suppose r + 2*g + 5 + 11 = 0, -g = 4*r + 99. Let h be -4*(39/r)/((-1)/(-3)). What is the tens digit of x(h)?
2
Suppose -15 = -4*b - b. Suppose -2*d + b*p = 15, -p = -d - 4 - 1. What is the tens digit of d + 2 + 42 - (-4 - -6)?
4
Suppose -5*z = -12*z + 14. Let k be (-20)/(-6)*(-30)/(-25). Suppose -838 = 2*o - 7*o + f, k*o - 676 = -z*f. What is the tens digit of o?
6
Suppose 55*q + 241793 = 34*q + 930299. What is the thousands digit of q?
2
Let o(m) = 3*m**3 + 4*m**2 - m. Let k be o(5). Suppose -31*d + k = -36*d. Let t = d - -191. What is the tens digit of t?
9
Let j = -14673 + 22684. What is the thousands digit of j?
8
Suppose 0 = -17*u + 20*u - 22236. What is the units digit of u?
2
Suppose -16*g = -3*z - 12*g + 76421, -4*z = g - 101863. What is the ten thousands digit of z?
2
Let o(p) = 11*p**2 + 108*p + 2350. What is the hundreds digit of o(-51)?
4
Let c(z) = 10*z + 3. Let a be c(-2). Let u(